the highest common divisor of 30 and 279010.
10
Calculate the highest common divisor of 592 and 135716.
148
Calculate the highest common factor of 105 and 125580.
105
Calculate the greatest common factor of 7902 and 162.
18
What is the greatest common factor of 26 and 411632?
26
Calculate the highest common factor of 3573484 and 1401.
467
Calculate the greatest common factor of 1692471 and 231.
33
What is the highest common divisor of 1040895 and 45?
45
Calculate the highest common divisor of 767613 and 462.
231
Calculate the greatest common factor of 2888 and 5700.
76
What is the highest common divisor of 1051 and 4028483?
1051
Calculate the highest common divisor of 2485 and 66745.
35
What is the highest common factor of 1551 and 704859?
141
Calculate the highest common divisor of 146 and 128918.
146
Calculate the highest common factor of 269973 and 4848.
303
Calculate the highest common factor of 2109122 and 1156.
578
What is the highest common factor of 6925 and 13573?
277
What is the greatest common divisor of 595 and 132566?
119
What is the greatest common factor of 130 and 100490?
130
Calculate the highest common factor of 15806 and 98.
14
Calculate the highest common factor of 85 and 578.
17
Calculate the highest common divisor of 22 and 50039.
11
Calculate the highest common factor of 3421 and 132.
11
What is the greatest common divisor of 265005 and 675?
135
What is the greatest common factor of 18 and 28467?
9
Calculate the highest common divisor of 9112 and 901.
17
What is the greatest common divisor of 7317375 and 237?
237
What is the highest common divisor of 777 and 474488?
259
What is the highest common factor of 2672 and 632596?
668
Calculate the highest common divisor of 312093 and 648.
81
What is the highest common factor of 9798 and 46?
46
Calculate the greatest common divisor of 572 and 7696.
52
Calculate the highest common factor of 309680 and 3950.
790
What is the greatest common factor of 450 and 3165?
15
Calculate the highest common factor of 5786 and 100466.
526
Calculate the greatest common divisor of 621 and 28377.
27
Calculate the highest common factor of 564 and 133292.
188
Calculate the highest common divisor of 1870 and 1890.
10
What is the highest common factor of 141 and 909?
3
What is the greatest common divisor of 2290 and 280?
10
Calculate the highest common factor of 21 and 23450.
7
What is the highest common divisor of 705551 and 8228?
2057
What is the highest common divisor of 62608 and 4?
4
What is the highest common factor of 123214 and 182?
182
What is the greatest common factor of 70 and 38810?
10
What is the greatest common divisor of 27 and 677?
1
Calculate the greatest common factor of 179784 and 227.
227
What is the greatest common divisor of 11232 and 33120?
288
What is the greatest common factor of 64 and 208224?
32
Calculate the highest common factor of 225 and 68925.
75
Calculate the greatest common divisor of 20564 and 32204.
388
What is the highest common divisor of 15 and 151185?
15
Calculate the greatest common divisor of 2176 and 1802.
34
What is the highest common divisor of 10 and 79735?
5
Calculate the greatest common factor of 11704 and 1976.
152
What is the greatest common divisor of 217485 and 59965?
895
Calculate the highest common factor of 4930 and 178640.
290
Calculate the greatest common divisor of 1784003 and 52.
13
What is the greatest common factor of 6532 and 2852?
92
What is the highest common divisor of 24050 and 390?
130
Calculate the greatest common factor of 1788506 and 148.
74
What is the highest common divisor of 527 and 1343?
17
What is the highest common divisor of 5694 and 416?
26
What is the highest common divisor of 13590 and 110834?
302
Calculate the highest common divisor of 343753 and 379.
379
Calculate the highest common factor of 442 and 859146.
34
Calculate the highest common divisor of 25438 and 7958.
46
What is the greatest common divisor of 25207 and 247?
13
What is the highest common divisor of 8906 and 38398?
146
Calculate the highest common factor of 2090 and 11990.
110
Calculate the highest common divisor of 84 and 20678.
14
What is the greatest common factor of 896005 and 15?
5
Calculate the greatest common factor of 840 and 85386.
42
What is the highest common divisor of 50265 and 180?
45
What is the greatest common factor of 4867920 and 90?
90
What is the highest common divisor of 6 and 129334?
2
Calculate the greatest common factor of 7 and 111749.
1
What is the greatest common divisor of 7037 and 1?
1
Calculate the greatest common divisor of 15680 and 2695.
245
Calculate the greatest common divisor of 9556 and 28.
4
What is the highest common factor of 1402 and 50?
2
Calculate the highest common factor of 70 and 2285255.
35
Calculate the highest common factor of 3558900 and 60.
60
Calculate the greatest common divisor of 1596532 and 76.
76
What is the greatest common factor of 1288 and 2800?
56
What is the highest common factor of 3696 and 14952?
168
Calculate the highest common factor of 13 and 212719.
13
What is the greatest common factor of 37359 and 11267?
593
What is the greatest common factor of 28966 and 16?
2
What is the highest common factor of 368820 and 99?
9
Calculate the greatest common factor of 14761 and 20360.
509
Calculate the highest common divisor of 63038 and 27854.
1466
What is the greatest common factor of 327 and 27686?
109
Calculate the greatest common factor of 265845 and 1916.
479
Calculate the highest common factor of 25844 and 1491.
497
Calculate the highest common divisor of 34190 and 923.
13
Calculate the greatest common factor of 174170 and 70.
10
What is the greatest common divisor of 17112 and 621?
69
Calculate the greatest common divisor of 1323 and 294.
147
Calculate the greatest common factor of 2486 and 565000.
226
Calculate the greatest common factor of 183 and 1166259.
183
What is the highest common divisor of 56 and 86345?
7
What is the highest common factor of 567 and 24129?
63
Calculate the highest common divisor of 3086 and 7.
1
Calculate the highest common factor of 26989 and 548.
137
What is the greatest common divisor of 15826 and 17384?
82
What is the greatest common divisor of 50236 and 152?
76
What is the highest common factor of 36120 and 17630?
430
Calculate the greatest common divisor of 28668 and 21.
3
What is the greatest common divisor of 18 and 6954?
6
Calculate the greatest common divisor of 7818 and 42.
6
Calculate the greatest common divisor of 115 and 9798.
23
Calculate the highest common factor of 172356 and 6.
6
Calculate the highest common divisor of 189 and 5214564.
27
What is the highest common divisor of 912 and 29868?
228
Calculate the highest common factor of 700 and 236.
4
What is the highest common factor of 151125 and 372?
93
Calculate the greatest common divisor of 1520 and 669560.
760
Calculate the greatest common divisor of 108 and 30336.
12
What is the greatest common factor of 945 and 1889055?
945
What is the greatest common factor of 322920 and 2730?
390
What is the highest common factor of 11 and 1256838?
11
Calculate the greatest common divisor of 956250 and 238.
34
What is the highest common factor of 93 and 7021407?
93
What is the greatest common divisor of 6200 and 5400?
200
Calculate the greatest common divisor of 63614 and 170.
34
What is the highest common factor of 14 and 1687357?
7
Calculate the greatest common divisor of 1152 and 603.
9
What is the greatest common divisor of 55712 and 592?
16
Calculate the highest common factor of 1094397 and 159.
159
What is the highest common divisor of 5010 and 2430?
30
Calculate the greatest common divisor of 1962 and 436.
218
Calculate the highest common divisor of 125 and 3095.
5
Calculate the highest common divisor of 132 and 72798.
66
What is the highest common factor of 6424 and 224?
8
What is the greatest common divisor of 38659 and 1072?
67
Calculate the greatest common factor of 72 and 13383.
9
What is the highest common factor of 17469 and 351?
27
What is the highest common divisor of 599 and 1032077?
599
Calculate the greatest common factor of 52 and 576706.
26
What is the highest common factor of 23478 and 7266?
42
Calculate the greatest common divisor of 5258 and 2266.
22
What is the greatest common fac